 composite number?
False
Is 128050661 prime?
True
Is 19929467 composite?
True
Is 791030945 a composite number?
True
Is 474737 composite?
False
Is 87977621 a prime number?
False
Is 22193953 a composite number?
False
Is 65835467 composite?
False
Is 909151 composite?
False
Is 7260469 composite?
True
Is 169057739 a composite number?
True
Is 3286846 composite?
True
Is 199279513 a composite number?
True
Is 264961199 prime?
False
Is 55760557 a prime number?
False
Is 182695649 a prime number?
False
Is 1565023 a composite number?
False
Is 68008607 a composite number?
False
Is 2875577 a prime number?
True
Is 217523587 a composite number?
False
Is 471652031 composite?
False
Is 33706705 a prime number?
False
Is 60625021 a prime number?
True
Is 52354189 a prime number?
True
Is 256756777 composite?
False
Is 196283 a prime number?
False
Is 54533 composite?
True
Is 58995382 composite?
True
Is 10455299 a composite number?
False
Is 145343461 a prime number?
False
Is 53803361 a prime number?
True
Is 4290829 a composite number?
True
Is 7340419 a composite number?
False
Is 213322721 composite?
True
Is 14820709 a composite number?
False
Is 213837319 a prime number?
False
Is 88789133 composite?
False
Is 10862231 a prime number?
True
Is 35614681 a composite number?
True
Is 23029397 a prime number?
True
Is 15158603 composite?
False
Is 1018091 prime?
True
Is 188586119 prime?
True
Is 58059733 a composite number?
False
Is 4223689 prime?
True
Is 194617937 prime?
True
Is 14674249 a prime number?
False
Is 224397553 prime?
True
Is 394864271 a composite number?
True
Is 213239683 prime?
True
Is 51876122 a prime number?
False
Is 762251539 prime?
False
Is 6744757 a composite number?
False
Is 323195363 prime?
True
Is 9065449 a prime number?
True
Is 86962121 a composite number?
False
Is 62405851 a prime number?
True
Is 7481449 a composite number?
True
Is 43503913 composite?
True
Is 211067881 prime?
False
Is 151509 prime?
False
Is 11831021 composite?
False
Is 22700519 composite?
False
Is 46220007 a composite number?
True
Is 718383 a composite number?
True
Is 452821 a composite number?
False
Is 40141817 composite?
False
Is 1255477 prime?
True
Is 401083333 prime?
False
Is 51220133 a composite number?
True
Is 198209057 prime?
True
Is 1110761 prime?
False
Is 15464455 a prime number?
False
Is 149983 prime?
False
Is 5304551 a prime number?
False
Is 956601029 a composite number?
False
Is 74027057 a prime number?
False
Is 1025237 prime?
False
Is 308951927 a composite number?
False
Is 292042039 a prime number?
False
Is 10263421 composite?
True
Is 31701559 a prime number?
True
Is 730381357 a composite number?
True
Is 3185243 composite?
False
Is 3890759 a prime number?
True
Is 1195969 composite?
True
Is 7245571 prime?
True
Is 350021834 composite?
True
Is 107893031 a prime number?
True
Is 9750703 composite?
True
Is 1333849 prime?
False
Is 56808029 a composite number?
False
Is 13912007 a prime number?
True
Is 2723543 composite?
False
Is 58194199 composite?
True
Is 345869 a composite number?
False
Is 1172487 a composite number?
True
Is 1675007 prime?
True
Is 1840627 prime?
False
Is 7005511 a prime number?
True
Is 1072301 a prime number?
True
Is 23868539 a prime number?
False
Is 74577049 composite?
True
Is 1661431 a composite number?
False
Is 2143711 prime?
True
Is 23726641 a composite number?
True
Is 45601 a composite number?
True
Is 114287357 a prime number?
True
Is 249939086 a composite number?
True
Is 2064131 prime?
False
Is 11984747 a composite number?
True
Is 27162211 a prime number?
False
Is 51109379 prime?
False
Is 244330354 composite?
True
Is 10786487 prime?
True
Is 452281993 a composite number?
False
Is 15333797 a composite number?
True
Is 128916017 composite?
False
Is 5610277 composite?
False
Is 3868561 prime?
False
Is 6242387 a composite number?
False
Is 60687005 a composite number?
True
Is 871007 composite?
True
Is 3726813 a prime number?
False
Is 1466371 a prime number?
True
Is 13347767 prime?
True
Is 29619349 a composite number?
False
Is 275479 a prime number?
False
Is 21589769 prime?
True
Is 67933633 a composite number?
False
Is 2641099 composite?
False
Is 246374651 a prime number?
True
Is 3924433 a composite number?
True
Is 57688331 prime?
False
Is 54411691 a prime number?
True
Is 551413199 composite?
True
Is 402823 composite?
False
Is 15131351 a prime number?
True
Is 80029 a composite number?
True
Is 5374189 a prime number?
False
Is 43298146 a prime number?
False
Is 8546417 prime?
False
Is 270197 a composite number?
True
Is 1047513 a composite number?
True
Is 7526501 prime?
True
Is 30876049 prime?
True
Is 1403186 prime?
False
Is 82349927 a prime number?
False
Is 19595527 a prime number?
False
Is 4159847 composite?
True
Is 3144055 composite?
True
Is 275031553 prime?
True
Is 46277189 a prime number?
False
Is 347671 a prime number?
True
Is 12603062 a prime number?
False
Is 251253823 prime?
True
Is 150973681 prime?
False
Is 307319029 a composite number?
False
Is 1679383 a composite number?
False
Is 83299777 prime?
False
Is 358673867 composite?
False
Is 39563957 a prime number?
False
Is 137940743 a composite number?
False
Is 64442477 composite?
True
Is 266863 a prime number?
True
Is 12010127 prime?
False
Is 14276699 composite?
True
Is 499127 a prime number?
True
Is 31969213 composite?
False
Is 157877677 a prime number?
True
Is 3159958 a prime number?
False
Is 48048801 composite?
True
Is 324119 composite?
False
Is 1845133 a prime number?
True
Is 24661001 a prime number?
False
Is 373649 prime?
True
Is 473736457 a composite number?
True
Is 29285719 composite?
False
Is 242363263 prime?
False
Is 113953373 a prime number?
False
Is 120601653 composite?
True
Is 964659 composite?
True
Is 130890493 prime?
False
Is 292477 prime?
True
Is 1032799 prime?
True
Is 3437143 composite?
True
Is 3666313 composite?
True
Is 126307 a prime number?
True
Is 1618271 composite?
False
Is 248321 a prime number?
False
Is 2335997 a composite number?
False
Is 25158613 prime?
True
Is 408598909 composite?
True
Is 2235707 a prime number?
True
Is 73573327 a composite number?
True
Is 7654809 prime?
False
Is 135324671 prime?
True
Is 877723043 prime?
True
Is 636917 a composite number?
False
Is 20367623 a composite number?
False
Is 175954127 a composite number?
True
Is 121033677 a prime number?
False
Is 8503681 composite?
False
Is 20736319 composite?
False
Is 18917945 a composite number?
True
Is 381220737 a prime number?
False
Is 9938491 prime?
False
Is 18958957 a prime number?
True
Is 35651701 a prime number?
False
Is 259087 composite?
True
Is 25152649 prime?
True
Is 13885661 a composite number?
True
Is 18129883 a composite number?
False
Is 287123143 a composite number?
True
Is 45933623 a prime number?
True
Is 6420577 composite?
True
Is 3633431 prime?
True
Is 832583 a prime number?
True
Is 586181 a prime number?
False
Is 1334147 prime?
False
Is 1906603 prime?
True
Is 120324241 a prime number?
False
Is 17170141 a prime number?
False
Is 20404801 prime?
True
Is 330531571 a composite number?
True
Is 167975261 prime?
True
Is 3105377 a prime number?
False
Is 57837587 a composite number?
True
Is 29659858 prime?
False
Is 8554687 a prime number?
True
Is 82020109 a prime number?
True
Is 6138457 a composite number?
True
Is 37704943 prime?
True
Is 76134727 a composite number?
False
Is 2356267 composite?
False
Is 3187469 composite?
False
Is 123713699 prime?
True
Is 41328845 composite?
True
Is 523581 prime?
False
Is 3164489 a composite number?
True
Is 7822031 a prime number?
False
Is 12127091 composite?
False
Is 6037793 a composite number?
False
Is 3376801 prime?
False
Is 9819343 a composite number?
True
Is 1004873 prime?
True
Is 6704141 composite?
True
Is 156414989 prime?
True
Is 462229 prime?
False
Is 31376483 a composite number?
True
Is 94149151 a composite number?
False
Is 32764133 composite?
False
Is 79947473 a composite number?
False
Is 2322233 composite?
True
Is 138120679 composite?
False
Is 51125927 a prime number?
False
Is 21322361 a composite number?
False
Is 573323 composite?
True
Is 215628709 composite?
True
Is 1029108737 a prime number?
False
Is 77459 a prime number?
False
Is 6146627 composite?
False
Is 30442177 a prime number?
True
Is 47229937 a prime number?
True
Is 2667383 prime?
True
Is 6539327 a prime number?
True